6). Suppose 2*z + 16 = -2. Calculate the remainder when f/z*1/(4 + 0) is divided by 19.
14
Let w(h) = 2*h**2 - 68*h - 57. Suppose -22 = -2*l + 2*d, -4*l + 0*d = 4*d - 52. Calculate the remainder when w(35) is divided by l.
1
Suppose h + 8 = a - 2, -4*h = 4*a. Let r(s) = 721*s + 29. Let p be r(-1). Let z = p + 710. What is the remainder when z is divided by a?
3
Let l(c) = c**3 - 7*c**2 + 8*c - 1. What is the remainder when (-594)/(-14) + (-2)/(-3)*711/(-1106) is divided by l(6)?
9
What is the remainder when 5 + -1 - (-65 + 1) is divided by (-10)/(-6)*282/47?
8
Let i(u) = 36*u - 60. Let p be i(4). Let v = -33 + p. What is the remainder when v is divided by 26?
25
Let a(f) = f**2 - 19*f - 20. Let n be a(21). What is the remainder when 195 is divided by ((-18)/6)/(3 - 68/n)?
30
Let s(w) = w**3 + 3*w**2 - 15*w - 43. Let h be s(-3). Calculate the remainder when (h*(6 + -289))/(-2) is divided by 11.
8
Let b = -10176 - -11102. What is the remainder when b is divided by 86?
66
Let k be (-5)/10*-392 + (-2 - -3). Let s = -118 + k. Calculate the remainder when s is divided by 22.
13
Let z(p) = 45*p - 153. Suppose 0 = -s + 2*u, s - 14*u + 15*u - 9 = 0. Calculate the remainder when z(s) is divided by 17.
15
Let c(s) = s**2 - 18*s + 25. Suppose -5*p + 16 + 74 = 0. Let o be c(p). Suppose -o = -4*n + 43. What is the remainder when n is divided by 5?
2
Suppose -10*c + 503 = 3*k - 11*c, 5*k - 2*c - 840 = 0. Calculate the remainder when 811 is divided by k.
147
Let o(h) = 3*h**2 - 178*h - 152. Calculate the remainder when o(64) is divided by 188.
180
Calculate the remainder when ((-2)/3)/(((-102)/(-3762))/(-17)) is divided by 139.
1
Suppose n + 2734 = 3*q, 0 = q - 2*n - 697 - 216. What is the remainder when q is divided by 76?
75
Suppose 240*o = -198*o + 124*o + 6908. Calculate the remainder when 7747 is divided by o.
3
Let u = 13538 + -3172. What is the remainder when u is divided by 24?
22
Suppose -2*f = 4*r - 97 + 7, 160 = 3*f + r. Let l(q) = -2*q**3 - 25*q**2 + 7*q - 67. Calculate the remainder when f is divided by l(-13).
0
What is the remainder when 272 is divided by (-25536)/(-441) + ((-46)/(-42) - 1)?
40
Calculate the remainder when (-47334)/(-184) + (-3)/(-4) is divided by 184.
74
Let w = 21439 - 21299. What is the remainder when 834 is divided by w?
134
Let v(n) = -10*n - 66. Let h be v(3). Calculate the remainder when 252 is divided by (h - 0/(-4))*6/(-9).
60
Suppose -1 - 39 = -l - 5*j, l + 4*j = 35. Calculate the remainder when l is divided by ((-9)/(-12))/(3/24).
3
Suppose -22 = -3*q - 13, -2*q - 1152 = -3*p. Let d = p - 183. What is the remainder when d is divided by 41?
39
Let j(s) = -s**3 + 24*s**2 + 41*s - 43. Let q be j(26). Let o = q + 358. What is the remainder when 51 is divided by o?
22
Suppose -18*d + 35 = -325. Let w be (-3 + 1 + 2)*1/2. Suppose -6*n + 2*n = -2*q - 872, w = -q - 2. What is the remainder when n is divided by d?
17
Suppose -w - 3*g - 127 = -356, g = -5*w + 1159. What is the remainder when w is divided by 32?
8
Suppose 3*t + 124 = 7*t. Suppose j + 18 = -0*y - 4*y, -4*j - 123 = -y. Calculate the remainder when j/(-9)*(15 + 3) is divided by t.
29
Let c be ((-44)/(-10))/((767/(-390))/(-59)). Suppose 5*k + 5*o - 175 = 0, 4*k = o + 3*o + c. What is the remainder when 78 is divided by k?
10
Suppose 35*v + 112*v - 4097 = 4135. What is the remainder when 65 is divided by v?
9
Let g(b) = -b**3 - 2*b**2 + b - 1. What is the remainder when 33/2640*-30 - (3094/(-16) + 0) is divided by g(-3)?
3
Let j(l) = -298*l + 4623. What is the remainder when j(11) is divided by 169?
162
Suppose -2312*g = -2306*g - 162. Calculate the remainder when 672 is divided by g.
24
Let p(r) = 299*r + 30. Let t be (8/3)/(14/21). Let h be p(t). What is the remainder when 2/(-8) + h/8 is divided by 39?
36
Let l(p) = 446*p + 4940. Calculate the remainder when 468 is divided by l(-11).
26
Suppose -5*n + 31 = -109. What is the remainder when ((-1980)/(-550))/((-2)/5) + (-1215)/(-9) is divided by n?
14
Suppose -5*p + 243 = -4*f, 0 = 2*p + 7*f - 10*f - 100. Calculate the remainder when 1171 is divided by p.
43
Let x(k) = k**3 - 14*k**2 - 436*k + k**2 + 440*k - 32. Let c be (-24 - 2)*2/(-4). What is the remainder when 49 is divided by x(c)?
9
Suppose 335*y - 328*y - 20692 = 0. Suppose 0 = 24*r - 380 - y. What is the remainder when r is divided by 12?
7
Let m(h) = 3*h + 49. Let q = -58 + 71. Let r be m(q). Suppose 0 = 4*c - r. Calculate the remainder when c is divided by 15.
7
Let u(o) = o**2 - 4*o - 6. Let v = 555 - 331. Calculate the remainder when u(-4) is divided by 2304/v + (-2)/7.
6
Let k = 1972 + -1956. Calculate the remainder when (-1)/2*304/(-2) is divided by k.
12
Suppose n = -96 + 105. Suppose -51*d = -52*d + n. Let a(t) = t**2 - 3*t - 4. Calculate the remainder when a(7) is divided by d.
6
Suppose -16*o + o = 5310. Let k be (-16)/(-40) - 12/5. What is the remainder when k*(-4)/(-28) - o/14 is divided by 15?
10
Let i(a) = a**3 - 12*a**2 + 14*a - 155. What is the remainder when 176 is divided by i(12)?
7
Let x be (4 - (-1)/(-1))*(-2)/3. What is the remainder when (2 - 40)*-1*(-3)/x is divided by 21?
15
Suppose 11682 = -72*x + 138*x. What is the remainder when x is divided by 99?
78
Suppose -77*g + 99*g + 131328 = 94*g. Calculate the remainder when g is divided by 59.
54
Let c(a) = -a**3 + 12*a**2 - 19*a - 5. Let m be c(10). What is the remainder when 36 is divided by 2/m + (-4)/(120/(-738))?
11
Suppose 2*g - 2*s = -5010, -5*g - 12*s = -8*s + 12570. Let k = -1787 - g. What is the remainder when k is divided by 66?
63
Suppose 7*q - 18*q - 34 + 837 = 0. Calculate the remainder when 350 is divided by q.
58
Let q = 778 - 675. What is the remainder when 4012 is divided by q?
98
Let u(q) = 2*q**3 + 54*q**2 - q - 3. Let m = -491 - -464. What is the remainder when (-425)/(-3) + 6/(-9) is divided by u(m)?
21
Suppose 0 = -14*o - 5*o + 3572. Suppose 0*z = -z + o. Calculate the remainder when z is divided by 48.
44
Let r(k) = 15*k. Let h be (2/(-4))/((-1)/2). What is the remainder when ((-189)/(-168))/((-4152)/832 + 5) is divided by r(h)?
12
Let t(j) = 8*j + 145. Let z be t(31). Calculate the remainder when (z/18)/(15/90) is divided by 27.
23
Let d = -3072 - -3184. What is the remainder when d is divided by 79?
33
Suppose -1226 - 2394 = -20*l. Calculate the remainder when l is divided by 38.
29
Let g = 3556 + -3602. Suppose 3*i + 5*r - 2*r - 9 = 0, -r = -3. Calculate the remainder when g*(i - 1)/(1/2) is divided by 31.
30
Let u(l) = -160*l - 1942. What is the remainder when 1189 is divided by u(-14)?
295
Suppose 0 = 6*z - 533733 + 533619. Let y = -12 + 17. Suppose -y*d + 44 = -d. What is the remainder when z is divided by d?
8
Calculate the remainder when 1748 is divided by (100/(-30))/((-12)/90).
23
Let x(c) = -88*c**3 - c**2. Let l be (-3)/(-2) + -4*6/(-48). Suppose -56 = -l*q - 12. Calculate the remainder when x(-1) is divided by q.
21
Suppose 0 = -113*h + 117*h + 2*q - 5466, q = -h + 1364. What is the remainder when h is divided by 57?
1
Let c = 1238 + -1223. Let a be ((-34)/(-9) + -4)*-9. Suppose 0 = 5*z, -a*m + 4*m + 5*z - 88 = 0. What is the remainder when m is divided by c?
14
Let b(l) = -150*l + 8125. Calculate the remainder when 9147 is divided by b(54).
22
Let h(a) = -4*a + 4. Let f(o) be the first derivative of 3*o**3 - 3*o**2/2 - 2*o + 148. What is the remainder when f(3) is divided by h(-5)?
22
Let b(h) = h**3 + 80*h**2 + 76*h + 85. Calculate the remainder when b(-79) is divided by 84.
70
Let c(o) = 4*o**3 + 2*o**2 + o - 2. Suppose 14*m - 20*m + 6 = 0, 0 = 4*s - 4*m - 128. Calculate the remainder when c(3) is divided by s.
28
Suppose -o + r = 2, -5*o = 3*r + 2*r - 10. Suppose 3*j = 2*a - 17, 0 = -j + a - o*a - 5. What is the remainder when 110 is divided by (7 - 2 - j)*(-6)/(-9)?
6
Let a be 22/(924/(-18)) - (-2432)/7. Suppose 6*r = 331 + a. What is the remainder when r is divided by 15?
8
Let a(y) = y**3 - 17*y**2 - 36*y + 32. Let l be a(20). Suppose -l*b + 144 = -506*b. Calculate the remainder when 454 is divided by b.
22
Suppose -33*d + 37*d = 28. Suppose 3*h + d + 5 = 3*l, 3*h - 33 = -2*l. What is the remainder when 23 is divided by l?
5
Let c(x) = x**3 + 69*x**2 + 767*x - 162. Suppose 4*z - 396 = -0*z. What is the remainder when z is divided by c(-55